de 349325006?
False
Is 52 a factor of 65609856?
True
Is 10 a factor of 88440949?
False
Is 642 a factor of 5592338535?
False
Is 108 a factor of 23853337?
False
Is 97 a factor of 335301020?
False
Is 31 a factor of 659677726?
False
Is 215 a factor of 53528550?
True
Does 6 divide 109815044?
False
Does 210 divide 106546057?
False
Is 41 a factor of 396902945?
False
Is 236 a factor of 529075858?
False
Is 219 a factor of 6817689?
True
Is 52540416 a multiple of 256?
True
Is 391 a factor of 4262155377?
False
Does 34 divide 24247542?
True
Is 77982837 a multiple of 194?
False
Is 470539684 a multiple of 1619?
True
Is 3185720944 a multiple of 16?
True
Does 21 divide 193045461?
True
Is 1048833020 a multiple of 255?
False
Is 197 a factor of 4019785?
True
Is 7666 a factor of 843237002?
True
Does 2 divide 257757?
False
Is 344 a factor of 1164413940?
False
Is 2926653 a multiple of 130?
False
Is 387100728 a multiple of 216?
True
Is 807974 a multiple of 5?
False
Does 1583 divide 38035497?
False
Is 375 a factor of 24403125?
True
Does 59 divide 22934362?
True
Does 124 divide 772735388?
True
Does 381 divide 61131962?
False
Does 162 divide 563278374?
True
Does 11822 divide 3473055338?
True
Is 2101 a factor of 17963550?
True
Does 2512 divide 1425444448?
True
Is 471061206 a multiple of 4851?
True
Is 43113109 a multiple of 299?
True
Does 13 divide 564398198?
True
Is 108721811 a multiple of 4095?
False
Is 63579552 a multiple of 7?
False
Is 35 a factor of 28785365?
True
Is 62 a factor of 251091630?
True
Does 4 divide 23391121?
False
Is 4213498 a multiple of 833?
False
Is 36 a factor of 8585321?
False
Does 17 divide 18502207?
False
Does 85 divide 889865?
True
Is 34173348 a multiple of 4?
True
Does 28 divide 57013368?
False
Is 169482320 a multiple of 28?
True
Does 278 divide 2505299?
False
Does 1399 divide 2297198098?
False
Is 717 a factor of 13470996?
True
Does 119 divide 69040?
False
Is 285741189 a multiple of 262?
False
Is 42 a factor of 6674690064?
True
Does 134 divide 2648943624?
True
Is 533123010 a multiple of 285?
False
Does 600 divide 145485600?
True
Is 7138557 a multiple of 2?
False
Does 257 divide 6672478?
False
Is 16 a factor of 4029850662?
False
Does 560 divide 1255023298?
False
Is 21286206 a multiple of 9?
True
Is 98838080 a multiple of 344?
True
Is 922 a factor of 20517266?
True
Does 10 divide 122362723?
False
Is 120441259 a multiple of 7?
False
Is 6084424 a multiple of 15?
False
Is 122202162 a multiple of 4717?
False
Is 20 a factor of 56340300?
True
Is 134294762 a multiple of 574?
True
Is 18872091 a multiple of 119?
True
Is 177 a factor of 97259553?
True
Is 6 a factor of 38771018?
False
Does 5 divide 605128447?
False
Is 8435 a factor of 4529336546?
False
Is 71700921 a multiple of 11?
False
Does 6 divide 20876201?
False
Is 26 a factor of 591432062?
True
Is 575 a factor of 20587156?
False
Does 27 divide 7021107?
True
Does 10 divide 1797296150?
True
Is 401 a factor of 169725880?
False
Does 2886 divide 196116779?
False
Is 6176241 a multiple of 2318?
False
Is 412 a factor of 10281872?
True
Is 3744972662 a multiple of 21?
False
Is 6 a factor of 8640684?
True
Is 1379862 a multiple of 6?
True
Is 348 a factor of 35123988?
True
Is 26183216 a multiple of 152?
True
Does 344 divide 197346608?
True
Is 36 a factor of 202347160?
False
Is 12141017 a multiple of 81?
False
Is 44755489 a multiple of 4?
False
Is 156 a factor of 2148892980?
True
Is 31047854 a multiple of 463?
True
Is 243 a factor of 3807170684?
False
Is 2003061552 a multiple of 40?
False
Does 259 divide 125588323?
True
Is 61664565 a multiple of 213?
True
Does 24 divide 93016717?
False
Does 540 divide 5617178820?
True
Is 9676381 a multiple of 549?
False
Is 6 a factor of 697137954?
True
Is 2727 a factor of 92801305?
False
Does 105 divide 130779658?
False
Does 27 divide 1858106192?
False
Is 1551874682 a multiple of 168?
False
Does 5 divide 3370595?
True
Is 102522633 a multiple of 53?
False
Is 184201232 a multiple of 97?
False
Is 4134235399 a multiple of 11185?
False
Is 14996432 a multiple of 169?
False
Is 91 a factor of 96752171?
False
Is 103 a factor of 177270361?
False
Is 14 a factor of 9976148?
True
Is 288515 a multiple of 11?
False
Is 3545815069 a multiple of 1392?
False
Does 98 divide 32237688?
True
Is 2 a factor of 770589?
False
Does 62 divide 32112900?
True
Is 2334 a factor of 614936646?
True
Does 2516 divide 169827484?
True
Is 2998609243 a multiple of 343?
True
Is 27 a factor of 1375238844?
True
Does 236 divide 257561370?
False
Does 261 divide 11044994?
False
Is 5281670 a multiple of 212?
False
Is 1520 a factor of 61373787?
False
Is 1152931572 a multiple of 9?
True
Is 3403417594 a multiple of 337?
True
Is 13 a factor of 408531136?
True
Does 15 divide 2788693112?
False
Is 62967216 a multiple of 226?
True
Is 63433317 a multiple of 6?
False
Does 11 divide 43296119?
False
Does 4 divide 303687669?
False
Is 1980 a factor of 6227316408?
False
Is 101061782 a multiple of 44?
False
Does 1973 divide 139204589?
False
Does 5 divide 7833145?
True
Is 129311432 a multiple of 14?
False
Does 7148 divide 3262397236?
True
Does 604 divide 1141436180?
True
Is 39 a factor of 226358411?
False
Is 47452272 a multiple of 19?
True
Does 226 divide 373394398?
False
Does 117 divide 64183121?
False
Is 3702641 even?
False
Does 4021 divide 33909475?
False
Is 1730908948 a multiple of 11?
False
Is 184648866 a multiple of 90?
False
Is 3709 a factor of 7365163?
False
Is 113942191 a multiple of 415?
False
Does 374 divide 9385505?
False
Does 23 divide 44346501?
False
Does 9 divide 375459462?
True
Is 209 a factor of 162451649?
False
Does 137 divide 833281539?
True
Is 379 a factor of 331920125?
False
Is 642652900 a multiple of 468?
False
Is 220 a factor of 13203054?
False
Is 234466877 a multiple of 20?
False
Is 3788260300 a multiple of 3398?
True
Is 29 a factor of 93720257?
True
Is 10 a factor of 26461070?
True
Is 282 a factor of 4028908338?
True
Does 78 divide 31660289?
False
Does 157 divide 60120640?
False
Does 38 divide 75925330?
True
Does 152 divide 85371397?
False
Is 406 a factor of 106761354?
True
Is 6581 a factor of 2392733142?
True
Is 78 a factor of 684581902?
False
Is 68051680 a multiple of 85?
True
Does 112 divide 56750176?
True
Does 423 divide 293272668?
True
Is 47888699 a multiple of 26?
False
Is 23275 a multiple of 35?
True
Is 25 a factor of 2577555?
False
Is 3823707 a multiple of 77?
False
Is 27 a factor of 68978933?
False
Does 199 divide 395184358?
False
Is 2073 a factor of 22878334?
False
Is 2677831 even?
False
Does 1308 divide 73983096?
True
Does 19 divide 448327826?
False
Is 17456175 a multiple of 135?
True
Is 1894161384 a multiple of 1231?
False
Does 410 divide 61515990?
True
Is 9 a factor of 69449184?
True
Does 6 divide 170392031?
False
Does 7858 divide 830038389?
False
Is 2539278740 a multiple of 86?
False
Does 6 divide 8928096?
True
Is 2 a factor of 35050587?
False
Is 75 a factor of 35421028?
False
Is 168 a factor of 4109000784?
True
Is 53 a factor of 7456093?
True
Is 568419596 a multiple of 31?
True
Does 5021 divide 1261384204?
False
Is 700 a factor of 13720037?
False
Is 397 a factor of 2780564135?
False
Is 88225852 a multiple of 221?
True
Is 7 a factor of 17871572?
False
Is 149802058 a multiple of 4?
False
Does 174 divide 136020324?
True
Is 3307687171 a multiple of 1447?
True
Is 217 a factor of 1250017574?
False
Is 1925 a factor of 361743644?
False
Is 2 a factor of 137193478?
True
Is 30 a factor of 10322670?
True
Is 5 a factor of 111154285?
True
Does 45 divide 435892811?
False
Does 38 divide 645019904?
True
Is 431 a factor of 29569186?
True
Is 210663614 a multiple of 773?
False
Does 1182 divide 627642?
True
Does 17 divide 113483613?
False
Is 10 a factor of 21884641?
False
Is 83560360 a multiple of 519?
False
Is 83 a factor of 188202251?
True
Is 179 a factor of 24344537?
True
Is 3910 a factor of 402530590?
True
Does 236 divide 3141733?
False
Is 8 a factor of 52584060?
False
Is 21 a factor of 57013676?
False
Is 25738203 a multiple of 4619?
False
Is 101 a factor of 208991443?
False
Does 13 divide 28110314?
False
Is 221144259 a multiple of 3163?
False
Does 3021 divide 615496025?
False
Is 42236115 a multiple of 30?
False
Does 200 divide 17067800?
True
Is 86 a factor of 340992494?
True
Is 61979577 a multiple of 2337?
True
Does 3